ultiple of 691?
True
Is 436230 a multiple of 7?
False
Does 194 divide 160828?
False
Is 55 a factor of 2762485?
True
Does 380 divide 5022460?
True
Is 5 a factor of 16000?
True
Is 43 a factor of 121769?
False
Is 23 a factor of 223583?
True
Is 394464 a multiple of 10?
False
Does 37 divide 120546?
True
Is 261665 a multiple of 174?
False
Is 2307699 a multiple of 39?
False
Is 467 a factor of 2675910?
True
Is 11 a factor of 42987?
False
Is 30 a factor of 3354977?
False
Does 17 divide 2236299?
True
Does 13 divide 329944?
False
Is 37 a factor of 157657?
True
Is 150150 a multiple of 75?
True
Does 985 divide 15058763?
False
Is 658 a factor of 370367?
False
Is 17 a factor of 118177?
False
Does 6 divide 126923?
False
Is 994 a factor of 14289744?
True
Does 103 divide 378731?
True
Is 222276 a multiple of 386?
False
Is 68768 a multiple of 8?
True
Is 5 a factor of 49699?
False
Does 83 divide 707741?
True
Does 211 divide 985159?
True
Is 224 a factor of 161504?
True
Does 45 divide 16460280?
True
Does 99 divide 144285?
False
Is 14756712 a multiple of 8?
True
Is 620 a factor of 527404?
False
Is 21 a multiple of 6?
False
Does 16 divide 7901024?
True
Is 365256 a multiple of 712?
True
Is 344246 a multiple of 4?
False
Is 661 a factor of 19830?
True
Does 480 divide 1276800?
True
Is 122 a factor of 32513?
False
Is 3837420 a multiple of 124?
False
Does 1039 divide 1162684?
False
Does 185 divide 231065?
True
Does 518 divide 265729?
False
Does 18 divide 1968660?
True
Does 89 divide 155750?
True
Is 5066 a multiple of 25?
False
Does 47 divide 118046?
False
Is 2240915 a multiple of 4?
False
Is 16 a factor of 16211184?
True
Is 77 a factor of 3007081?
True
Is 391170 a multiple of 177?
True
Does 9 divide 3529926?
True
Is 29 a factor of 430911?
True
Does 88 divide 733568?
True
Is 16 a factor of 97344?
True
Is 573 a factor of 820982?
False
Is 823920 a multiple of 20?
True
Is 108733 a multiple of 87?
False
Does 35 divide 2954945?
True
Is 50 a factor of 861453?
False
Is 152028 a multiple of 123?
True
Is 1352 a multiple of 26?
True
Is 438763 a multiple of 13?
True
Is 828339 a multiple of 11?
False
Is 74081 a multiple of 21?
False
Does 75 divide 13950?
True
Is 932 a factor of 3270388?
True
Does 15 divide 23175?
True
Is 87930 a multiple of 90?
True
Is 377827 a multiple of 95?
False
Does 10 divide 11702780?
True
Does 14 divide 13552?
True
Is 41344 a multiple of 16?
True
Does 64 divide 182592?
True
Does 44 divide 17378812?
True
Does 35 divide 8960?
True
Is 5396480 a multiple of 42?
False
Is 45232 a multiple of 89?
False
Does 82 divide 1386238?
False
Is 11391071 a multiple of 697?
True
Does 726 divide 325974?
True
Is 302932 a multiple of 124?
True
Is 385 a factor of 1282144?
False
Does 11 divide 795941?
False
Is 248937 a multiple of 36?
False
Is 3437396 a multiple of 92?
True
Is 8 a factor of 869374?
False
Is 534091 a multiple of 40?
False
Is 2 a factor of 4136440?
True
Is 15 a factor of 5629492?
False
Is 33155 a multiple of 181?
False
Is 1016028 a multiple of 78?
True
Does 436 divide 528486?
False
Is 71 a factor of 29394?
True
Does 217 divide 100410?
False
Is 68 a factor of 77335?
False
Is 103332 a multiple of 12?
True
Does 21 divide 952119?
True
Is 710241 a multiple of 24?
False
Is 113 a factor of 1053160?
True
Does 12 divide 1384759?
False
Is 1841735 a multiple of 707?
True
Does 181 divide 33882?
False
Does 606 divide 1634382?
True
Is 2311831 a multiple of 41?
False
Is 19 a factor of 94030?
False
Is 171005 a multiple of 20?
False
Does 82 divide 988838?
True
Is 201 a factor of 1217306?
False
Is 424837 a multiple of 19?
False
Is 1293943 a multiple of 21?
False
Is 982836 a multiple of 23?
True
Is 3 a factor of 1316387?
False
Is 493441 a multiple of 173?
False
Is 54519 a multiple of 51?
True
Is 2096706 a multiple of 219?
True
Is 14816 a multiple of 8?
True
Is 918874 a multiple of 13?
False
Is 564763 a multiple of 659?
True
Does 25 divide 21768628?
False
Is 13 a factor of 594488?
False
Is 118 a factor of 386096?
True
Does 7 divide 2255981?
True
Does 181 divide 3249412?
False
Is 4076512 a multiple of 22?
True
Does 11 divide 285868?
True
Does 7 divide 289786?
True
Is 16 a factor of 1913584?
True
Is 2047358 a multiple of 146?
True
Is 59833 a multiple of 12?
False
Is 18 a factor of 1384578?
True
Is 14 a factor of 237986?
True
Does 1768 divide 7529912?
True
Is 159 a factor of 2210100?
True
Is 135783 a multiple of 27?
True
Does 108 divide 65988?
True
Does 167 divide 1982474?
False
Does 12 divide 5012664?
True
Does 3 divide 46663?
False
Is 73 a factor of 378578?
True
Is 9 a factor of 5022881?
False
Is 27690 a multiple of 10?
True
Is 28 a factor of 775796?
True
Does 80 divide 92400?
True
Does 105 divide 1171331?
False
Is 1872192 a multiple of 112?
True
Is 16 a factor of 52160?
True
Does 4 divide 100945?
False
Is 15693584 a multiple of 18?
False
Is 94 a factor of 475264?
True
Is 27412 a multiple of 77?
True
Is 748629 a multiple of 189?
True
Is 12673620 a multiple of 6?
True
Does 38 divide 1125?
False
Does 36 divide 919479?
False
Is 297 a factor of 790020?
True
Is 254131 a multiple of 410?
False
Is 70504 a multiple of 28?
True
Is 4193556 a multiple of 124?
True
Is 117 a factor of 5813306?
False
Is 361572 a multiple of 116?
True
Is 36500 a multiple of 12?
False
Does 49 divide 7154?
True
Is 1051 a factor of 799557?
False
Is 120 a factor of 129240?
True
Is 666950 a multiple of 25?
True
Is 12025 a multiple of 2?
False
Is 61 a factor of 4764436?
False
Does 18 divide 2374902?
True
Is 31904985 a multiple of 2689?
True
Does 42 divide 380887?
False
Is 18915 a multiple of 15?
True
Is 69300 a multiple of 45?
True
Does 5 divide 374606?
False
Is 13 a factor of 2378298?
True
Does 24 divide 230665?
False
Is 65784 a multiple of 12?
True
Is 101 a factor of 108474?
True
Does 23 divide 2814947?
True
Is 680743 a multiple of 619?
False
Is 16212140 a multiple of 28?
True
Is 89920 a multiple of 281?
True
Does 123 divide 54858?
True
Does 13 divide 78715?
True
Is 345 a factor of 2402564?
False
Is 12644414 a multiple of 21?
False
Does 158 divide 467744?
False
Does 11 divide 9569773?
False
Is 500080 a multiple of 40?
True
Is 55 a factor of 1584935?
True
Is 202082 a multiple of 27?
False
Is 54 a factor of 183114?
True
Is 11172759 a multiple of 39?
True
Is 66 a factor of 4118664?
True
Is 404515 a multiple of 754?
False
Is 80832 a multiple of 96?
True
Is 379454 a multiple of 113?
True
Is 46929 a multiple of 4?
False
Is 5 a factor of 55241?
False
Is 154527 a multiple of 31?
False
Is 2534490 a multiple of 81?
True
Does 29 divide 82932?
False
Is 21 a factor of 201607?
False
Does 988 divide 1888923?
False
Is 945235 a multiple of 6?
False
Does 2 divide 70922?
True
Is 82999 a multiple of 7?
True
Does 44 divide 395516?
True
Is 351526 a multiple of 37?
False
Does 57 divide 6473683?
False
Does 17 divide 177691?
False
Is 98 a factor of 377202?
True
Is 902400 a multiple of 384?
True
Is 863412 a multiple of 31?
True
Is 4140 a multiple of 4?
True
Is 4333655 a multiple of 1058?
False
Is 1184305 a multiple of 17?
True
Is 108 a factor of 35424?
True
Does 34 divide 180956?
False
Is 671724 a multiple of 47?
True
Does 13 divide 245096?
False
Is 128310 a multiple of 91?
True
Is 130 a factor of 2080?
True
Is 453260 a multiple of 20?
True
Does 252 divide 413280?
True
Does 63 divide 10147284?
True
Does 18 divide 24297904?
False
Is 10805802 a multiple of 11?
False
Is 44340 a multiple of 339?
False
Is 11 a factor of 50142?
False
Is 7194582 a multiple of 534?
True
Is 25242 a multiple of 5?
False
Does 247 divide 49473?
False
Is 625182 a multiple of 4?
False
Does 44 divide 631?
False
Is 94 a factor of 161116?
True
Is 844 a factor of 994351?
False
Is 1205 a factor of 9889856?
False
Does 19 divide 526018?
False
Is 99 a factor of 35046?
True
Does 66 divide 544296?
False
Is 182 a factor of 37128?
True
Does 5 divide 110895?
True
Is 7506036 a multiple of 11?
False
Is 94 a factor of 3317831?
False
Is 154 a factor of 199009?
False
Is 767048 a multiple of 8?
True
Does 23 divide 129352?
True
Is 225 a factor of 1896390?
False
Is 6 a factor of 67625?
False
Is 13 a factor of 91544?
False
Does 88 divide 1042800?
True
Is 836440 a multiple of 22?
True
Is 23213 a multiple of 3?
False
Is 217 a factor of 15302840?
True
Is 1529796 a multiple of 394?
False
Is 232721 a mult